32903201 a prime number?
True
Is 7486257739 a prime number?
True
Is 3978114367 composite?
False
Is 343929433 a prime number?
False
Is 6745447361 prime?
True
Is 6119289667 a prime number?
True
Is 323985289 composite?
True
Is 22550951483 a composite number?
False
Is 706527467 a composite number?
False
Is 1209512705 a prime number?
False
Is 12015139327 a composite number?
False
Is 12162987989 a composite number?
True
Is 281457721 a prime number?
False
Is 5532956141 a composite number?
False
Is 3228450791 composite?
True
Is 1018241309 composite?
True
Is 114331963 prime?
True
Is 46783098563 a prime number?
True
Is 4586500129 a prime number?
False
Is 5257624681 a prime number?
True
Is 549079 prime?
False
Is 3833151373 a composite number?
False
Is 33343654579 composite?
True
Is 2934315947 a composite number?
False
Is 26578499 a prime number?
True
Is 19932659447 a composite number?
False
Is 5244391313 a prime number?
False
Is 1793502071 a prime number?
False
Is 1382355049 a composite number?
False
Is 48388271713 a prime number?
False
Is 40667269 prime?
True
Is 9839635419 prime?
False
Is 73614088291 a prime number?
True
Is 1354843673 a prime number?
False
Is 288971063 a prime number?
True
Is 20959064741 composite?
True
Is 1936900979 a composite number?
True
Is 24981613378 a prime number?
False
Is 709339559 prime?
False
Is 8480429539 a composite number?
True
Is 1154330041 a composite number?
False
Is 1289674453 composite?
False
Is 36142856299 a prime number?
False
Is 38606430017 prime?
True
Is 4846172767 composite?
False
Is 56161191871 a composite number?
True
Is 29057527739 a composite number?
True
Is 58689222301 a composite number?
True
Is 22062161141 composite?
True
Is 421474303 composite?
False
Is 1161901801 composite?
True
Is 770649353 a prime number?
True
Is 60544630339 composite?
False
Is 1912470101 prime?
False
Is 168059823 composite?
True
Is 27359857909 a composite number?
False
Is 750989489 composite?
True
Is 175362137 a composite number?
False
Is 1021566101 composite?
True
Is 82847053 a prime number?
False
Is 771648623 composite?
False
Is 22897902983 a prime number?
True
Is 54775768486 prime?
False
Is 91851518917 composite?
False
Is 4013084561 a prime number?
True
Is 47789968451 a prime number?
False
Is 3618003437 a composite number?
False
Is 20438534123 composite?
True
Is 3210321089 a prime number?
False
Is 36082800001 a composite number?
False
Is 873590897 a prime number?
True
Is 13525508047 prime?
True
Is 519203017 a composite number?
True
Is 5574062141 composite?
False
Is 334393121 a prime number?
True
Is 1545771179 a composite number?
False
Is 5828643071 prime?
True
Is 2816849963 a composite number?
False
Is 48499942079 prime?
True
Is 1969323637 composite?
False
Is 150440669 composite?
False
Is 2900659487 composite?
True
Is 3836281993 prime?
True
Is 1955719819 composite?
True
Is 796852279 a composite number?
False
Is 1281313491 prime?
False
Is 1219159763 a composite number?
False
Is 19155873467 a prime number?
False
Is 7262422267 a composite number?
True
Is 906770177 prime?
False
Is 13827865063 a prime number?
True
Is 10756843 prime?
False
Is 95785593999 a prime number?
False
Is 12855203693 a prime number?
True
Is 23261399899 a composite number?
True
Is 3082129606 a prime number?
False
Is 461830583 prime?
False
Is 1912014046 a composite number?
True
Is 16512455083 composite?
False
Is 1851024722 composite?
True
Is 369629887 composite?
True
Is 888932561 a prime number?
False
Is 143195155 prime?
False
Is 620699033 a composite number?
True
Is 19867761827 prime?
True
Is 110262431 composite?
False
Is 24711362033 a prime number?
False
Is 3261238919 a composite number?
False
Is 626733013 a prime number?
True
Is 3823666619 a prime number?
True
Is 1192972387 a prime number?
False
Is 190631777 composite?
True
Is 14382056633 prime?
False
Is 1146538271 a composite number?
False
Is 36461706649 a prime number?
True
Is 68990123 a prime number?
True
Is 20261855687 a prime number?
False
Is 511980961 a prime number?
True
Is 74737685929 a composite number?
True
Is 154695616837 prime?
True
Is 24735411241 a prime number?
False
Is 19485411629 prime?
True
Is 185822551 composite?
True
Is 20416062527 a prime number?
False
Is 761276947 prime?
True
Is 188752213211 composite?
False
Is 34100184617 composite?
False
Is 1241496227 prime?
True
Is 549751507 a composite number?
False
Is 45090301397 a composite number?
True
Is 5882256403 prime?
True
Is 1343083879 a composite number?
True
Is 22718025857 composite?
False
Is 25900648757 a prime number?
True
Is 167417306213 a composite number?
False
Is 44120515493 composite?
True
Is 1898442251 a composite number?
False
Is 20949011023 a prime number?
True
Is 6385558747 prime?
False
Is 17390379697 a composite number?
False
Is 6996469523 a prime number?
False
Is 8433892573 composite?
True
Is 13283264327 composite?
True
Is 657310861 prime?
True
Is 56181450421 composite?
False
Is 583825699 prime?
True
Is 1093291943 prime?
True
Is 29102275561 a composite number?
False
Is 126043711 a composite number?
False
Is 6160743595 prime?
False
Is 1195187783 composite?
False
Is 178057742431 a prime number?
False
Is 27324503449 prime?
False
Is 105091027693 composite?
False
Is 3440645287 a composite number?
False
Is 20493680381 a composite number?
True
Is 119214521651 composite?
True
Is 5699252129 composite?
False
Is 8245437729 composite?
True
Is 1732721554 prime?
False
Is 77708704453 composite?
False
Is 427748773 a prime number?
True
Is 6266927603 prime?
False
Is 593402113 prime?
False
Is 525039947 prime?
False
Is 75832550491 composite?
True
Is 163558291 a composite number?
True
Is 254405250221 a prime number?
True
Is 943086481 prime?
True
Is 1998566215 a composite number?
True
Is 19375495439 prime?
True
Is 22325425853 a composite number?
False
Is 27971544739 a prime number?
False
Is 7038724639 a prime number?
True
Is 3269709823 composite?
False
Is 1044085661 a composite number?
True
Is 3843821 a prime number?
False
Is 8632117267 a composite number?
False
Is 399391093 a composite number?
True
Is 5189475149 a prime number?
False
Is 1469454979 prime?
False
Is 1036672321 prime?
False
Is 10146491413 a composite number?
False
Is 1497880781 a composite number?
False
Is 18353371 prime?
False
Is 941559007 a composite number?
False
Is 2047035083 composite?
True
Is 6107743282 a composite number?
True
Is 1152563687 a prime number?
False
Is 1359629053 composite?
False
Is 2427330263 a composite number?
True
Is 1321043941 prime?
False
Is 67500229051 prime?
True
Is 3063735781 a prime number?
True
Is 9587543981 composite?
True
Is 30340131883 a prime number?
True
Is 7682858207 prime?
False
Is 948571009 composite?
True
Is 30822891661 a prime number?
True
Is 66581536823 prime?
True
Is 40055316839 a composite number?
True
Is 943731335 composite?
True
Is 32491343447 a composite number?
True
Is 4822902053 a composite number?
False
Is 44400459977 a prime number?
True
Is 543284923 a composite number?
True
Is 1556451163 prime?
False
Is 30306575969 a prime number?
True
Is 64324241099 composite?
False
Is 78126243599 a composite number?
False
Is 1721664761 composite?
False
Is 98595319 prime?
False
Is 93297646157 a prime number?
True
Is 60074042771 composite?
False
Is 508476067 a composite number?
True
Is 238639213 composite?
True
Is 27328862711 prime?
True
Is 3401993843 a composite number?
False
Is 12429297553 prime?
True
Is 1708868897 a composite number?
False
Is 11707155631 a prime number?
True
Is 9318675433 prime?
True
Is 20592128783 a prime number?
True
Is 13756932467 composite?
False
Is 2007493903 a prime number?
False
Is 5062327729 prime?
False
Is 6794782499 composite?
True
Is 24245227517 a prime number?
False
Is 93297576014 prime?
False
Is 45523259861 a prime number?
False
Is 7080841291 prime?
True
Is 6593887987 a composite number?
False
Is 4370775809 prime?
True
Is 3604262227 prime?
True
Is 5352054871 a composite number?
False
Is 113570563 composite?
False
Is 344974571 a composite number?
False
Is 36966644447 prime?
True
Is 8481581377 a prime number?
True
Is 17395262663 prime?
True
Is 18287886043 a composite number?
True
Is 5605990249 composite?
True
Is 1109283797 a composite number?
False
Is 212567209 a prime number?
True
Is 12154147129 a prime number?
True
Is